 = 3*i - 19. Determine f(8).
5
Let o(r) = -r**3 - 3*r**2 - 14*r - 69. Calculate o(-4).
3
Let z(t) = -2*t**3 - 56*t**2 - t - 35. Calculate z(-28).
-7
Let x(r) = -r**2 + r - 5. Calculate x(0).
-5
Let f(m) = 2*m**3 + 8*m**2 - m + 29. Determine f(-5).
-16
Let u(m) = -5*m + 10. What is u(-4)?
30
Let q(t) = -19*t + 161. Determine q(8).
9
Let u(q) = -q**3 + 11*q**2 - 2*q - 14. What is u(9)?
130
Let a(y) = -y**2 - 18*y - 6. Calculate a(-11).
71
Let x(k) = -2*k + 8. What is x(2)?
4
Let b(c) = -11*c + 378. Give b(31).
37
Let m(k) = -k**2 - 4*k - 6. Give m(-4).
-6
Let n(l) = -l**3 + 29*l**2 - 33*l + 20. Give n(28).
-120
Let t(p) = p**3 + 5*p**2 - 3*p + 10. Calculate t(-6).
-8
Let o(g) = -15*g - 69. What is o(-5)?
6
Let z(c) = c**3 + 5*c**2 - 10*c - 1. Give z(-7).
-29
Let m(b) = 2*b**2 - 5*b - 4. Determine m(-3).
29
Let f(d) = -d**3 + 4*d**2 - 4*d. Calculate f(3).
-3
Let h(x) = 2*x**3 - 33*x**2 - 17*x - 1. What is h(17)?
-1
Let u(o) = -5*o - 15. Give u(-10).
35
Let t(s) = s - 1. Calculate t(2).
1
Let p(m) = -m**3 + 7*m**2 + 2*m - 16. Calculate p(7).
-2
Let k(t) = -t**3 - 7*t**2 + 24*t + 20. Give k(-10).
80
Let z(t) = -t**3 + 11*t**2 + 6*t - 16. Give z(11).
50
Let a(q) = -13*q**2 - 2*q + 1. Give a(-3).
-110
Let s(b) = -b**2 + 13*b - 17. Calculate s(12).
-5
Let w(x) = -x**3 - 2*x**2 + x - 7. Calculate w(-3).
-1
Let t(s) = -s**3 - 9*s**2 - 12*s - 28. Calculate t(-8).
4
Let l(u) = -26*u + 4. What is l(1)?
-22
Let d(z) = z**2 + 12*z + 14. Calculate d(-10).
-6
Let v(h) = -h**3 - 8*h**2 - 8*h + 3. Calculate v(-7).
10
Let z(f) = -51*f + 1. What is z(-1)?
52
Let x(g) = g**3 + 25*g**2 + 46*g - 20. Determine x(-23).
-20
Let y(a) = a**2 + 28*a - 97. What is y(-31)?
-4
Let x(h) = 3*h + 138. What is x(-57)?
-33
Let a(k) = -3*k**3 - 3*k - 3. Calculate a(-2).
27
Let o(x) = -2*x**2 - 3*x + 6. Give o(-6).
-48
Let q(k) = -k**2 - 14*k - 13. Determine q(-11).
20
Let f(v) = -v - 32. Determine f(11).
-43
Let m(s) = 66*s - 54. Calculate m(1).
12
Let l(n) = -n**3 + 3*n**2 + 9*n - 3. Give l(6).
-57
Let d(o) = -5*o**3 + o**2 - 2*o + 1. What is d(1)?
-5
Let b(g) = -4*g**2 + 2*g - 10. Calculate b(4).
-66
Let p(n) = 3*n**2 + 3*n + 8. Calculate p(-3).
26
Let q(f) = f**2 - 7*f + 6. Calculate q(4).
-6
Let k(r) = -4*r. Give k(1).
-4
Let y(a) = -a**3 - 6*a**2 + 2*a - 3. Give y(-3).
-36
Let l(b) = b**3 + 9*b**2 + 7*b + 1. Calculate l(-6).
67
Let z(m) = -16*m. Give z(-1).
16
Let s(f) = 2*f**3 + f**2 + 3*f + 4. What is s(-1)?
0
Let a(c) = -2*c**3 - 2*c**2 + 16*c + 12. Calculate a(-3).
0
Let h(w) = -2*w**2 - 47*w - 199. What is h(-18)?
-1
Let b(l) = -2*l - 6. Determine b(-9).
12
Let l(g) = 3*g + 4. Determine l(4).
16
Let t(j) = -37*j - 664. Give t(-18).
2
Let k(g) = -2*g**3 + 6*g**2 - 4*g - 3. Give k(1).
-3
Let q(x) = x**2 + 15*x + 16. Determine q(-9).
-38
Let i(b) = -b**3 + 11*b**2 - 7*b - 9. Calculate i(10).
21
Let k(b) = -2*b**2 - 9*b + 37. Give k(-9).
-44
Let v(r) = 12*r + 5. Calculate v(-10).
-115
Let s(w) = w**3 - 2*w + 14. Calculate s(0).
14
Let j(r) = 31*r + 8. Give j(4).
132
Let z(b) = 15*b**3 - b**2 - 2*b - 1. What is z(-1)?
-15
Let a(s) = 5*s**2 + s - 21. Give a(6).
165
Let f(p) = -p**3 + 6. Calculate f(3).
-21
Let s(l) = l**2 + 11*l + 5. What is s(-7)?
-23
Let c(i) = -i**3 - 7*i**2 - 3*i + 4. Determine c(-5).
-31
Let h(k) = -k**2 - 10*k - 19. Calculate h(-13).
-58
Let l(a) = -4*a - 17. Give l(-8).
15
Let w(j) = j - 5. Determine w(2).
-3
Let k(v) = -12*v**2 - 8*v - 14. What is k(-3)?
-98
Let r(y) = 31*y - 1. What is r(-1)?
-32
Let r(w) = 3*w + 3. Give r(2).
9
Let c(x) = 4*x - 8. Determine c(-6).
-32
Let d(z) = 7*z + 3. Calculate d(-3).
-18
Let b(a) = -3*a**2 + 13*a - 4. Give b(5).
-14
Let t(y) = 94*y - 753. Give t(8).
-1
Let n(s) = 3*s**2 - 8*s + 16. What is n(5)?
51
Let u(l) = -5*l - 16. What is u(-3)?
-1
Let b(g) = -2*g**3 + 28*g**2 + 32*g - 13. Give b(15).
17
Let m(r) = -r**3 + r**2 - 2*r - 10. Calculate m(0).
-10
Let a(j) = -j**3 - 9*j**2 - 7*j + 12. Determine a(-8).
4
Let k(x) = x**3 - 8*x**2 + 14*x + 19. Determine k(6).
31
Let o(l) = l**2 + 216. Calculate o(0).
216
Let k(z) = -z**2 + 17*z - 6. Determine k(17).
-6
Let n(s) = s**3 - 3*s**2 - 6*s + 2. What is n(4)?
-6
Let b(x) = x**2 - 15*x + 45. What is b(12)?
9
Let n(w) = w**2 - 4*w - 5. Calculate n(5).
0
Let s(d) = d**3 + 4*d**2 + 3*d + 2. Determine s(-3).
2
Let d(g) = -g**3 + 22*g**2 - 23*g + 43. Calculate d(21).
1
Let j(t) = 6*t - 20. Give j(2).
-8
Let g(c) = 9*c - 92. Give g(8).
-20
Let r(w) = -w**3 + 14*w**2 + 12*w + 9. Calculate r(15).
-36
Let t(n) = n + 2. What is t(4)?
6
Let z(i) = i**3 + 3*i**2 - 2*i - 4. Give z(-4).
-12
Let a(s) = 9*s - 21. Give a(3).
6
Let z(j) = -j**2 + 14*j + 22. Give z(15).
7
Let j(z) = -z**2 - 10*z - 19. Calculate j(-9).
-10
Let u(b) = -8*b**3 - b + 1. Give u(1).
-8
Let r(i) = -76*i - 144. What is r(-2)?
8
Let q(g) = 3*g**3 + g**2 - 10*g + 5. Give q(3).
65
Let b(v) = v**3 - 2*v**2 + 3*v + 2. What is b(-3)?
-52
Let f(c) = 3*c - 48. Determine f(14).
-6
Let q(v) = -v**3 - 11*v**2 - 27*v - 11. Calculate q(-4).
-15
Let r(j) = 8*j**3 + j**2 + j + 1. Determine r(-1).
-7
Let w(r) = -r**2 - 11*r - 25. What is w(-10)?
-15
Let n(v) = v + 24. Give n(-19).
5
Let u(b) = -b**3 + 4*b**2 + 20*b - 13. Calculate u(6).
35
Let a(j) = j**2 - 16. Give a(0).
-16
Let a(l) = l**2 - 31*l + 106. Determine a(28).
22
Let s(y) = 11*y**2 - 95*y - 10. Give s(9).
26
Let p(u) = -u + 22. Calculate p(18).
4
Let i(j) = -j**3 - 13*j**2 + j + 15. Calculate i(-13).
2
Let k(p) = -p**3 - 9*p**2 - 6*p + 7. What is k(-8)?
-9
Let g(z) = z**2 + 52*z + 7. Give g(-52).
7
Let z(m) = -m**3 - 2*m**2 - 2*m + 2. What is z(-3)?
17
Let u(c) = 2*c**2 - 20*c + 19. Determine u(9).
1
Let t(o) = 21*o - 108. Determine t(5).
-3
Let v(i) = 4*i**2 - 2. Give v(-2).
14
Let n(d) = 2*d**2 + 10*d - 31. What is n(-7)?
-3
Let k(y) = 2*y**2 - 34*y - 14. Calculate k(18).
22
Let z(u) = 6*u + 48. Determine z(-10).
-12
Let i(y) = y**3 - 7*y**2 - y + 8. Determine i(6).
-34
Let w(a) = -4*a + 27. Give w(7).
-1
Let i(z) = z**3 - 8*z**2 - 26*z + 15. Calculate i(11).
92
Let v(h) = -4*h**2 + 3*h + 3. Give v(-2).
-19
Let s(r) = -38*r - 74. What is s(-2)?
2
Let p(t) = 41*t + 1. Give p(1).
42
Let c(f) = -f**3 - 10*f**2 - 17*f + 14. Calculate c(-6).
-28
Let d(o) = -o**3 - 24*o**2 + 27*o + 88. Determine d(-25).
38
Let r(q) = -20*q - 62. Give r(-3).
-2
Let y(o) = o**3 - 16*o**2 - 28*o - 140. Calculate y(18).
4
Let r(c) = c**2 - 12. Calculate r(-4).
4
Let c(b) = -b**2 + 6. Calculate c(-6).
-30
Let x(l) = l**3 - 12*l**2 + 10*l. Determine x(11).
-11
Let v(x) = -x - 3. What is v(-8)?
5
Let j(y) = -2*y**2 - 29*y + 19. Determine j(-15).
4
Let a(g) = 10*g + 7. Determine a(1).
17
Let a(c) = -13*c**2 + 3*c + 3. Determine a(2).
-43
Let a(r) = 146*r + 2188. What is a(-15)?
-2
Let s(z) = -z**3 + 16*z**2 + 15*z + 16. What is s(17)?
-18
Let k(r) = 17*r - 204. Calculate k(12).
0
Let j(z) = z**2 - 7*z - 7. Give j(8).
1
Let y(w) = -w**3 + 18*w**2 + 19*w + 5. Calculate y(19).
5
Let j(c) = 5*c - 1. Determine j(-2).
-11
Let i(b) = -b**3 + 4*b**2 + 5*b + 21. Calculate i(6).
-21
Let n(i) = 2*i - 36. What is n(15)?
-6
Let h(m) = -3*m - 4. Determine h(-7).
17
Let n(s) = s**3 - 17*s**2 + 13*s + 31. What is n(16)?
-17
Let u(w) = w**2 + 14*w - 13. What is u(-8)?
-61
Let i(g) = -g**3 + 23*g**2 + 24*g - 7. Give i(24).
-7
Let l(c) = -c - 5. Calculate l(-1).
-4
Let m(v) = -v**3 - 6*v**2 + 3*v + 4. Give m(-6).
-14
Let d(q) = -21*q**3 - q**2 + 2*q + 2. Give d(-1).
20
Let i(r) = -r**2 - 7*r - 11. Determine i(-9).
-29
Let b(m) = -m**2 + 9*m + 20. What is b(11)?
-2
Let f(p) = -p**2 + 2*p - 7. Calculate f(4).
-15
Let k(g) = g**2 + 18*g + 25. Calculate k(-7).
-52
Let q(d) = 3*d**3 - 27*d**2 - 28*d - 16. Give q(10).
4
Let o(j) = 4*j**2 - 9*j + 3. Give o(3).
12
Let n(y) = y**2 - y - 15. What is n(7)?
27
Let n(y) = y - 9. Calculate n(11).
2
Let r(n) = -2*n**3 - 7*n**2 - 5*n + 8. Determine r(-4).
44
Let o(p) = -2*p**2 + 10*p - 5. What is o(9)?
-77
Let w(b) = b**3 - 8*b**2 - b + 6. Determine w(8).
-2
Let o(s) = s**3 - 12*s**2 + 7. Calculate o(12).
7
Let g(d) = d**2 + 46*d + 136. What is g(-43)?
7
Let g(p) = 28*p**2 - p. Calculate g(1).
27
Let z(r) = 3*r**3 - 3*r**2 + 3*r - 3. Give z(2).
15
Let p(u) = 33*u + 1. What is p(-4)?
-131
Let w(z) = z**3 - 8*z**2 + 2*z - 19. Give w(8).
-3
Let b(u) = 2*u**2 + 24*u - 157. Give b(5).